ded by 313?
308
Calculate the remainder when 49185 is divided by 16388.
21
What is the remainder when 2820937 is divided by 33?
31
Calculate the remainder when 20716 is divided by 101.
11
What is the remainder when 2961 is divided by 491?
15
What is the remainder when 76203 is divided by 28?
15
What is the remainder when 70649 is divided by 1262?
1239
What is the remainder when 17705 is divided by 16?
9
What is the remainder when 2296 is divided by 1146?
4
Calculate the remainder when 33116 is divided by 142.
30
What is the remainder when 1538 is divided by 189?
26
What is the remainder when 12039 is divided by 2867?
571
What is the remainder when 3782 is divided by 1255?
17
Calculate the remainder when 3388 is divided by 340.
328
What is the remainder when 3832 is divided by 143?
114
What is the remainder when 18208 is divided by 11?
3
What is the remainder when 47998 is divided by 552?
526
What is the remainder when 33807 is divided by 179?
155
What is the remainder when 141758 is divided by 35415?
98
Calculate the remainder when 1003344 is divided by 1558.
1550
What is the remainder when 40217 is divided by 327?
323
Calculate the remainder when 5181333 is divided by 24.
21
What is the remainder when 263755 is divided by 420?
415
Calculate the remainder when 20735 is divided by 20714.
21
What is the remainder when 1178 is divided by 659?
519
What is the remainder when 367 is divided by 24?
7
Calculate the remainder when 3571412 is divided by 714280.
12
Calculate the remainder when 39934 is divided by 13271.
121
What is the remainder when 41488 is divided by 5183?
24
What is the remainder when 20829 is divided by 10397?
35
Calculate the remainder when 409580 is divided by 742.
738
Calculate the remainder when 6803 is divided by 342.
305
What is the remainder when 1235105 is divided by 354?
353
What is the remainder when 40797 is divided by 23?
18
Calculate the remainder when 16276 is divided by 5390.
106
What is the remainder when 203318 is divided by 340?
338
Calculate the remainder when 7963 is divided by 363.
340
What is the remainder when 66088 is divided by 320?
168
Calculate the remainder when 7275 is divided by 317.
301
Calculate the remainder when 124406 is divided by 47.
44
Calculate the remainder when 6076 is divided by 381.
361
What is the remainder when 21171 is divided by 3527?
9
Calculate the remainder when 656395 is divided by 215.
0
What is the remainder when 549702 is divided by 15?
12
What is the remainder when 16378 is divided by 126?
124
Calculate the remainder when 163088 is divided by 63.
44
What is the remainder when 19043 is divided by 266?
157
What is the remainder when 16119 is divided by 1790?
9
Calculate the remainder when 199706 is divided by 437.
434
What is the remainder when 401729 is divided by 401713?
16
What is the remainder when 158184 is divided by 81?
72
Calculate the remainder when 67557 is divided by 47.
18
What is the remainder when 19578 is divided by 154?
20
What is the remainder when 127403 is divided by 9?
8
What is the remainder when 11232 is divided by 775?
382
What is the remainder when 5981 is divided by 1192?
21
Calculate the remainder when 3557 is divided by 3249.
308
Calculate the remainder when 7382 is divided by 74.
56
Calculate the remainder when 695902 is divided by 383.
374
Calculate the remainder when 91669 is divided by 351.
58
What is the remainder when 341239 is divided by 194?
187
Calculate the remainder when 2761 is divided by 567.
493
Calculate the remainder when 8166 is divided by 145.
46
What is the remainder when 12769 is divided by 128?
97
What is the remainder when 36394 is divided by 36388?
6
Calculate the remainder when 81004 is divided by 41.
29
Calculate the remainder when 5341 is divided by 579.
130
Calculate the remainder when 10939 is divided by 152.
147
What is the remainder when 281 is divided by 51?
26
What is the remainder when 3782 is divided by 86?
84
What is the remainder when 1930050 is divided by 22?
12
What is the remainder when 37820 is divided by 33?
2
What is the remainder when 4696 is divided by 336?
328
What is the remainder when 325470 is divided by 2?
0
Calculate the remainder when 73066 is divided by 36532.
2
What is the remainder when 162381 is divided by 25?
6
Calculate the remainder when 2129 is divided by 1001.
127
Calculate the remainder when 9769 is divided by 310.
159
What is the remainder when 280382 is divided by 222?
218
What is the remainder when 1360 is divided by 674?
12
What is the remainder when 3735 is divided by 1826?
83
What is the remainder when 392267 is divided by 130749?
20
What is the remainder when 48907 is divided by 411?
409
Calculate the remainder when 28984 is divided by 5.
4
What is the remainder when 83992 is divided by 431?
378
What is the remainder when 1344238 is divided by 144?
142
Calculate the remainder when 673340 is divided by 64.
60
Calculate the remainder when 1131 is divided by 970.
161
Calculate the remainder when 13306 is divided by 61.
8
Calculate the remainder when 126582 is divided by 80.
22
Calculate the remainder when 293222 is divided by 58640.
22
Calculate the remainder when 598 is divided by 255.
88
What is the remainder when 46779 is divided by 557?
548
What is the remainder when 112767 is divided by 113?
106
What is the remainder when 9634 is divided by 219?
217
What is the remainder when 116600 is divided by 28?
8
Calculate the remainder when 13244 is divided by 52.
36
What is the remainder when 5711 is divided by 96?
47
Calculate the remainder when 19178 is divided by 268.
150
Calculate the remainder when 2330 is divided by 360.
170
Calculate the remainder when 6633 is divided by 117.
81
Calculate the remainder when 204000 is divided by 843.
837
Calculate the remainder when 27981 is divided by 106.
103
Calculate the remainder when 310564 is divided by 10018.
6
Calculate the remainder when 13563 is divided by 1469.
342
Calculate the remainder when 383263 is divided by 232.
231
Calculate the remainder when 268895 is divided by 48.
47
Calculate the remainder when 1311970 is divided by 12.
10
Calculate the remainder when 1029331 is divided by 554.
553
Calculate the remainder when 8805 is divided by 2922.
39
Calculate the remainder when 12598 is divided by 435.
418
What is the remainder when 12273 is divided by 538?
437
What is the remainder when 5151 is divided by 38?
21
Calculate the remainder when 14310 is divided by 2016.
198
What is the remainder when 15492 is divided by 1930?
52
Calculate the remainder when 134375 is divided by 14930.
5
What is the remainder when 3390 is divided by 298?
112
Calculate the remainder when 1880 is divided by 138.
86
What is the remainder when 150352 is divided by 457?
456
What is the remainder when 22385 is divided by 175?
160
What is the remainder when 115958 is divided by 28986?
14
What is the remainder when 5153 is divided by 514?
13
What is the remainder when 3678 is divided by 184?
182
What is the remainder when 3480590 is divided by 86?
84
What is the remainder when 7263 is divided by 127?
24
Calculate the remainder when 181035 is divided by 214.
205
Calculate the remainder when 110775 is divided by 40.
15
What is the remainder when 4623 is divided by 1523?
54
Calculate the remainder when 326 is divided by 21.
11
What is the remainder when 3529 is divided by 1762?
5
Calculate the remainder when 56586 is divided by 115.
6
What is the remainder when 4766 is divided by 2377?
12
What is the remainder when 14769 is divided by 189?
27
What is the remainder when 34747 is divided by 146?
145
Calculate the remainder when 13187 is divided by 620.
167
Calculate the remainder when 1906 is divided by 66.
58
What is the remainder when 1890 is divided by 481?
447
What is the remainder when 1120 is divided by 302?
214
What is the remainder when 11099 is divided by 33?
11
Calculate the remainder when 132283 is divided by 624.
619
What is the remainder when 186284 is divided by 33?
32
What is the remainder when 846170 is divided by 36?
26
Calculate the remainder when 1768 is divided by 568.
64
What is the remainder when 1131472 is divided by 7?
6
What is the remainder when 4944851 is divided by 193?
191
What is the remainder when 355 is divided by 172?
11
Calculate the rem